 14 + -14. Suppose -12 = 4*h + 2*z, t*h + 3*z = -2*h - 10. What is the tens digit of (h/(-4))/((-1)/(-26))?
1
Let x(y) = -y**3 - 3*y**2 - y. Let w be x(-2). Let q be (0 - w)/1 - 2. Suppose 2*s - 6*s + 52 = q. What is the tens digit of s?
1
Let o(h) = 116*h - 337. What is the hundreds digit of o(15)?
4
Suppose 0 = -15*v + 12*v. Suppose 3*z + 9 + 3 = v. What is the tens digit of ((-228)/18)/(z/6)?
1
Let k(p) = -6*p + 11. Let r(o) = o - 2. Let m(b) = 2*k(b) + 11*r(b). Let d(g) = -g - 1. Let v(y) = -4*d(y) + 6*m(y). What is the tens digit of v(-10)?
2
Suppose a + c = 2627, 0 = 24*a - 19*a + 4*c - 13132. What is the thousands digit of a?
2
Let t = 594 + -498. What is the units digit of t?
6
Suppose 57 = -2*j + 251. Let s = 204 - j. What is the hundreds digit of s?
1
Let n(j) = 63*j + 51. Let t be n(-5). Let l = 430 + t. What is the hundreds digit of l?
1
Suppose -780 = 26*q - 28*q. What is the units digit of q?
0
Suppose g - 4*j - 9642 = 0, 0 = 5*g + 5*j + 7830 - 56090. What is the hundreds digit of g/90 - 2/9?
1
Let t = -86 - -67. Let z = t + 136. What is the units digit of z?
7
Let c(r) = r. Let l(n) = -4*n - 2. Let t(o) = 3*c(o) + l(o). What is the units digit of t(-7)?
5
Let f = 128 - -125. What is the hundreds digit of f?
2
Let p = -7 - -108. Suppose 0 = 2*s - 87 - p. What is the units digit of s/3*(-6)/(-4)?
7
Let v = -100 + 108. Suppose v*s + 4*z = 7*s + 110, -5*s - 2*z = -550. What is the hundreds digit of s?
1
Let w = -95 - -97. Suppose -5*r + 136 = 2*q, w*q + q - 179 = 5*r. What is the tens digit of q?
6
Let d(x) = x**3 + 9*x**2 - 10*x + 5. Let z be d(-10). Let f be 2/z + (-48)/(-80). What is the units digit of 1/f*(8 + 0)?
8
Let y = 196 - 190. Let d be ((-3 - -2) + 2)/(-1). Let a = d + y. What is the units digit of a?
5
Suppose 4*t = 3*x + 26 - 2989, -2*x + 1982 = -t. What is the hundreds digit of x?
9
Suppose 40 = 5*h - 3*h. What is the units digit of h?
0
Let v = 23 - -5. What is the units digit of v?
8
Let t(q) be the third derivative of -7*q**4/24 - 7*q**3/3 - 4*q**2. What is the tens digit of t(-11)?
6
What is the hundreds digit of (7 - (-4 + 1))*26?
2
Suppose -8 = -2*m - 2*m. Let g = m + 1. Suppose 42 + 45 = g*r. What is the tens digit of r?
2
Let z = 606 + -363. What is the hundreds digit of z?
2
Suppose -6*l - 2 = -38. Let b(n) = n + l*n - 4*n + 3*n + 26. What is the tens digit of b(9)?
8
Suppose -12 = 6*i - 2*i. Let k(j) = -17*j + 4. Let d be k(i). Suppose g + 3*r = d, 0*r = -3*g + 4*r + 126. What is the units digit of g?
6
What is the tens digit of 143335/218 + (0 - (-6)/(-4))?
5
Let w(u) = 5*u**2 + 2*u - 2. Let y(i) = -4*i**2 - 2*i + 1. Let m(v) = 3*w(v) + 4*y(v). Let t be m(-2). What is the units digit of 47/2 - t/(-4)?
3
Suppose -5*u + 0*s = -2*s - 59, 2*u = -s + 20. Let f be 1/(-5) + 62/10. Suppose u*r = f*r + 45. What is the units digit of r?
9
Suppose -4*l - 1396 = -a + 707, 0 = -4*a - 2*l + 8358. What is the thousands digit of a?
2
Let i(p) = p - 1. Let d be i(2). Let x(l) = -l**3 + 5*l**2 + 2. Let u be x(4). Let f = u + d. What is the tens digit of f?
1
Suppose -3*y = -h + 242, 3*h + 12*y - 756 = 15*y. What is the tens digit of h?
5
Let h(m) = 28*m**2 - 24*m - 63. What is the hundreds digit of h(10)?
4
Let q = 17 - -57. Suppose 0 = -7*k - 340 + q. Let r = 30 - k. What is the tens digit of r?
6
Let r = -175 + 203. What is the tens digit of r?
2
Suppose 0 = 32*s - 17*s + 1140. Let q = -4 - -19. What is the tens digit of s/(-6) + (-10)/q?
1
Suppose -4*d + 372 = -4*v, -6*v + v = 2*d - 221. What is the tens digit of d?
9
Let g = 3482 + -1769. What is the hundreds digit of g?
7
Suppose t - 3 = 4*b - 0*t, 5*t + 15 = 5*b. Let r be (-3 + 1)*(-2)/b. What is the units digit of (-1 - r) + 1 + 3?
5
Suppose -5*s = -20, 4*r = 2*r - 3*s + 866. What is the tens digit of r?
2
Let a(l) = 2*l**2 + 13*l + 6. Let k be a(-18). Let s = 613 - k. Suppose 0*d + 5*y - s = -3*d, 3*y = -12. What is the units digit of d?
1
Let z(i) = i**3 + 13*i**2 + 5. Let s be z(-13). Suppose -s = -u, 0 = -0*f + 3*f + u + 364. Let v = 181 + f. What is the units digit of v?
8
Suppose 0 = -l - 4*w + 118, 613 = 2*l + 3*l - 3*w. Let z = 136 - l. What is the tens digit of z?
1
Suppose 0 = -h, -5*h - 90 = 2*x - 380. What is the tens digit of x?
4
Let j(t) be the second derivative of t**5/20 - 17*t**4/12 + 7*t**3/2 + 15*t**2/2 + 26*t. What is the tens digit of j(16)?
9
Let y(k) = 5 - k**2 + 3 - 5 + 7*k. Let p(w) = -w**3 + 5*w**2 - 2*w - 2. Let q be p(2). What is the units digit of y(q)?
9
Let l(u) be the first derivative of u**3/3 + u**2/2 + 3*u - 1. Let j be l(-3). Suppose j = -3*c, -34 = -3*n + n - 2*c. What is the units digit of n?
0
Suppose 4*i - 8*i + 752 = 0. What is the tens digit of i?
8
Suppose 2*q - 2084 = -254. What is the tens digit of q?
1
Suppose 5*o = 11*o - 14214. What is the hundreds digit of o?
3
Let p(u) = -u**3 + 13*u**2 + 14*u + 8. Let q be p(14). Suppose 0 = -2*g - q, 7*j + g = 4*j + 206. What is the units digit of j?
0
Suppose 5*t = -15, 4*f = 4*t + 107 + 85. Suppose -23 = -2*u - 5*v, v - f = -4*u - 8. What is the units digit of u?
9
What is the units digit of 1/(-2)*(10 + 4*-588)?
1
Let c be (-52)/(-3)*(-39)/26. Let h = 149 + c. What is the hundreds digit of h?
1
Let r(a) be the second derivative of 5*a**3/6 + 6*a**2 + a. Let o(j) = -j. Let u(n) = 6*o(n) + r(n). What is the units digit of u(10)?
2
Let r = 450 + 70. What is the tens digit of r?
2
Let o = -623 - -890. Suppose 4*v + 2*l = -o - 333, -l - 450 = 3*v. What is the tens digit of ((-4)/10)/(6/v)?
1
Suppose -29*h + 27060 = -54633. What is the units digit of h?
7
Suppose 171 = f - 1. What is the units digit of f?
2
Let c(t) = t**2 + 13*t + 8. Let y be c(-13). Suppose -6*b = -10*b + y. Suppose -b*h = -5*h + 135. What is the tens digit of h?
4
Let x be (-2)/6 - (-334)/3. Let g = x - -11. What is the units digit of (g/(-4))/(2/(-4))?
1
Suppose 3 = -5*t - 2. Let j(k) = 3*k**2 + 1. Let c be j(t). Suppose 0 = -c*x - x + 135. What is the tens digit of x?
2
Let v = 3 + -12. Let j(l) = l + 14. What is the units digit of j(v)?
5
Suppose -2*p + 6 = 0, 5*h + 5*p - 19 = 3*h. Suppose -v - 13 = -h*v. Let u = 21 - v. What is the units digit of u?
8
What is the tens digit of 5 + -11 + 5 - -715?
1
Suppose 2*q + 79 = 357. What is the hundreds digit of q?
1
Suppose 10*w + 3 = 7*w, 0 = 5*g - 3*w - 2228. What is the units digit of g?
5
Suppose -4*n + 5*u = -375, 280 = 3*n - 4*u - u. What is the tens digit of n?
9
Let b(w) = 112*w**2 - 6*w - 16. What is the units digit of b(-5)?
4
Let g be (49 - 0)/((-7)/(-1624)). What is the tens digit of g/126 - (0 + 2/9)?
9
Let m = -22 + -19. Let x = -64 + 141. Let u = m + x. What is the tens digit of u?
3
Suppose -21*b + 24*b = 0. Suppose 2*u = b, l - 3*u + 15 + 18 = 0. What is the tens digit of 2384/44 + 6/l?
5
Let f = -155 + 203. What is the units digit of f?
8
Let i = 936 - 57. What is the tens digit of i?
7
Suppose -r = 5*u - 591, -7*r - 4*u = -3*r - 2444. What is the units digit of r?
6
Suppose 3*t + 51 = 3*v, -5*t + 2*v = -0*v + 76. Let p be (-10)/2*t/35. Suppose -y - 4*m + 33 = 0, p*y - m - 26 = m. What is the units digit of y?
7
Suppose -6*x + 2314 = 130. What is the hundreds digit of x?
3
Let k(j) = 2*j**2 + 4*j + 3. Let w be k(-2). Suppose 0 = -2*p + h, -2*p + 2*h + 8 = w*h. Suppose x - 81 = -p*b, 5*b = b - x + 161. What is the units digit of b?
0
Suppose 5*n = 48 - 8. Let k(s) = -6*s + n*s - 6 + s - s + 2*s**2. What is the units digit of k(-3)?
6
Suppose -2*u + 959 = 3*v, -3*v + 971 = 7*u - 2*u. What is the hundreds digit of v?
3
Suppose -2*z + 5*u + 6283 - 2282 = 0, -2*u - 4016 = -2*z. What is the units digit of z?
3
Let h(z) = 13*z**2 + 4*z - 4. Let n(a) = -13*a**2 - 5*a + 5. Let x(w) = 3*h(w) + 2*n(w). Let y be x(-2). Let l = 84 - y. What is the units digit of l?
8
Suppose 3*g = p + g - 16, p - 12 = 4*g. What is the units digit of (3/(-6) - p/(-8)) + 20?
2
Let j be (-3)/(2/90*3). What is the units digit of 4/(24*1)*-2*j?
5
Let q = -45 - -69. What is the tens digit of (-27)/q*-4*16?
7
Suppose 0 = -h - 5*o + 52, 38 - 63 = -h + 4*o. What is the units digit of h?
7
Let h = -829 + 3470. What is the tens digit of h?
4
Let l(s) = -2 - 8*s**2 - 35*s**3 + 37*s**3 + 2*s + 5*s. What is the units digit of l(5)?
3
Let s(f) = -280*f**3 - f**2 + 3*f - 4. What is the tens dig